rivative of 2*h**2 + 1/24*h**4 + 0 + 0*h + 1/6*h**3. What is w(4)?
5
Let a(n) be the first derivative of 2*n**2 + 2*n + 371. Determine a(2).
10
Let g(m) be the second derivative of m**5/20 + 5*m**4/12 - 2*m**3 + 3*m**2 + 6*m + 21. Calculate g(-7).
-8
Let f(s) = 7*s - 3*s**2 + 2*s**2 + 6 - 2*s. Let t be -1 - (1 + -3 - 8). Let w = 14 - t. Determine f(w).
6
Let b(x) = -x**3 + 5*x**2 + x - 6. Suppose 6*j + 0 = -6. Let z be 6 + (j + 0)*1. Determine b(z).
-1
Let g(b) be the first derivative of 5*b**2/2 - b - 5. Suppose -2*v - 2*l = 3*v + 116, -v = -l + 19. Let q = 19 + v. Calculate g(q).
-16
Let z = 647 - 651. Let y(u) = -4*u**2 - 10*u - 3. Determine y(z).
-27
Let z be -14*((-14)/4 + 3). Suppose -5*a - 23 = z. Let n(p) = -p**3 - 6*p**2 + 4*p + 9. Give n(a).
-15
Let v(j) = -j**2 - 2*j. Let u be (870/(-261))/((-10)/12). Calculate v(u).
-24
Let t(i) = -55*i - 1 - 1 + 51*i + 0 + 5. Calculate t(6).
-21
Let n be 18/(-2*(-9)/12). Suppose -6 = r - 2*p + 3*p, p = 2*r + n. Let m(w) be the third derivative of -w**5/60 - w**4/6 + 7*w**3/6 - w**2. Calculate m(r).
-5
Let n(m) = m**2 - 3*m - 7. Let a = 15 - 12. Let o(v) = 31*v**3 - 2*v**2 + v. Let z be o(1). Let r be (a/(-2))/((-9)/z). Determine n(r).
3
Suppose 0 = -4*a + 2*h - 4, 2*h = -5*a - 6 - 8. Let d(w) = w**2 + w - 3. Determine d(a).
-1
Let h(z) = -3*z**2 + 5*z + 10. Let n(s) = 9*s**2 - 10*s - 22. Let w(v) = 5*h(v) + 2*n(v). Give w(-2).
8
Let d(g) = g**3 - 9*g**2 - 12*g - 16. Let y be d(10). Let v(b) = -b. Let l(p) = 8*p. Let z(j) = y*v(j) - 4*l(j). Calculate z(1).
4
Let b(t) be the second derivative of -t**3 - 9*t + 0 + 1/12*t**4 - 3*t**2. Give b(6).
-6
Let g = 261 + -256. Let r(j) = -j. Let w be r(-4). Suppose o = -g, -w*o - 28 - 22 = -5*x. Let i(l) = -l**2 + 4*l + 7. Give i(x).
-5
Let a(f) = 3*f**3 - f**2 + 8*f + 11. Let z(i) = -i**3 - 3*i - 4. Let x(m) = -4*a(m) - 11*z(m). Determine x(5).
-20
Let g = -3 + -1. Let j(o) be the third derivative of o**6/120 + o**5/15 - o**4/6 + 2*o**3/3 + 3277*o**2 - 2. Calculate j(g).
20
Suppose 16 = -2*i + 4*i + 2*d, 0 = -3*i + 3*d + 12. Suppose i*o - 12 = 4*o. Let u(a) = 6 - o - 4 + 2*a. Calculate u(4).
4
Suppose 23*n - 3*d - 15 = 18*n, -d = -n + 3. Let x(w) be the first derivative of -n + 1/3*w**3 + 3*w + 0*w**2. Give x(0).
3
Suppose -3 = -28*h + 31*h, 3*x + 49 = 2*h. Let i(t) = -t**3 - 18*t**2 - 17*t - 2. What is i(x)?
-2
Let f be (4 + (-4)/2)/(96/240). Let y(u) be the first derivative of 3 - 2*u**2 - u + 1/3*u**3. Determine y(f).
4
Let m(p) be the first derivative of 3 + 3/2*p**2 - 5*p - 1/3*p**3. What is m(5)?
-15
Let u(r) = r**3 + 7*r**2 + 12*r - 17. Let i(k) = -2*k**2 - 2*k + 1. Let t(q) = -7*i(q) - u(q). Determine t(7).
24
Let r(g) be the third derivative of g**6/120 - 3*g**5/20 + g**4/24 - 4*g**3/3 - 5*g**2. Let i be r(9). Let x(w) = 11*w**3 - 2*w**2 + 1. Calculate x(i).
10
Let a be (-9 + 9)/((-8)/(-2)). Let v be (-2)/6*a - 6. Let p(o) = -o + 7. Give p(v).
13
Let d(h) = 4*h - 1. Let c = 92 + -95. Let y(b) = 5*b. Let p(s) = c*y(s) + 4*d(s). Calculate p(6).
2
Let x(u) be the second derivative of -1/2*u**3 - 9*u + 0 + 0*u**2. What is x(1)?
-3
Let j be (4/(-8)*4 + 3)*-4. Let z(y) = -y**3 + 6*y**2 + 17*y - 13*y - 9*y**2. Give z(j).
0
Let s(g) = -25*g**2 + 6 + 22*g**3 + 11*g**2 - 5 + g + 14*g**2. What is s(-1)?
-22
Let h(x) = -4*x + 18. Let z(j) = -3*j + 9. Let o(l) = 5*h(l) - 7*z(l). What is o(-21)?
6
Let a(j) = -j**2 - 15*j + 7. Let d(w) = w**3 + 14*w**2 + 23*w + 114. Let i be d(-13). What is a(i)?
-9
Suppose 0 = 3*f + 383 - 98. Let x = 97 + f. Let a(b) be the first derivative of b**3/3 - b**2 + 1. What is a(x)?
0
Let m be 3 + 1 - 1 - -41. Let k = m + -41. Let d(x) = 6*x + 3. Give d(k).
21
Let f(u) = -3*u**2 + 3*u - 1. Let i be (3 - 1) + (-2)/2 + 2. Suppose 4*k - 4 = -2*x - 2, i*k = -x. What is f(x)?
-19
Suppose -13 = v - 5*j, -3*v + 2*j + 15 - 2 = 0. Let z = 7 - v. Let x(u) = -21 - 19*u**2 + 20*u**2 - u + 5 + 0*u. Determine x(z).
-16
Let o(f) be the first derivative of f**5/20 + f**4/24 - f**3/6 + 4*f**2 - 16. Let k(s) be the second derivative of o(s). Calculate k(1).
3
Let p(h) = -2*h - 17 + 24*h**2 - 17*h**3 + 18 + 28*h**2 - 70*h**2 + 19*h**2. Let g(o) = -o**2 - 4*o - 3. Let a be g(-2). Give p(a).
-17
Suppose -2*h - 15 = 3*m, 4*m + 14 = -3*h - 6. Let u(o) = h - 2 + 5 + 3*o - 5*o. Determine u(6).
-9
Let l(i) = -8 - 2*i - 10 + 39 - 17 - 5. Determine l(-4).
7
Let r(b) = -b**3 + b**2 + 2*b + 1. Let t be (-15)/(-2) - 27/18. Let l = -4 + t. Let x be r(l). Let z(p) = p**2 - 1. Give z(x).
0
Let j(a) = a + 1. Let z = 10 - 26. Suppose -74 = -16*f - 346. Let k = f - z. What is j(k)?
0
Let n = 4 - 9. Suppose 6*o - 284 = 388. Let d(i) = i**3 - 56 - 3*i + i**2 + 3*i**2 - 53 + o. Determine d(n).
-7
Let w(g) = -2*g - 11. Let r(h) = -8*h - 36. Let s(u) = 2*r(u) - 7*w(u). Suppose -8 = -2*c - j, -c + 32 = c - 5*j. Calculate s(c).
-7
Let n(y) = 2*y - 18. Suppose v - 21 = 6*o - 9*o, -3*o = -2*v - 30. What is n(o)?
-2
Suppose 2*a - 14 = -4*d + 3*a, 4*a - 4 = d. Suppose 4*y = 5*y + d. Let w be (y*3/6)/(-1). Let f(n) = n**3 - 4*n**2 + 4*n - 2. Give f(w).
-2
Let t = -55 - -59. Suppose -t*h + 16 = -4*a, -2*a - 4*h - 4 = 4. Let j(p) = 2*p + 1. Give j(a).
-7
Let f = 10 + -10. Let y = 3 - f. Let h(p) = 16*p**3 - p**2 - 15*p**3 + 2*p + y*p**2 + 1. What is h(-1)?
0
Suppose 5*v - 20 = 0, -2*v + v + 32 = -4*p. Let j(h) be the first derivative of h**3/3 + 9*h**2/2 + 7*h + 135. Calculate j(p).
-7
Let w(x) = -x**2 + 6*x + 9. Let f be w(7). Suppose 17 = s - 0*c - 5*c, 0 = -2*s - 2*c - 2. Let i(z) = 0*z - 3*z**f + s*z + 2*z**2 + 3. What is i(4)?
-5
Let f(g) = 46*g**2 + 2 + 2*g - 50*g**2 + 0 + g. What is f(-1)?
-5
Let g(u) = -u - 2. Let s(w) = -w**3 + 4*w**2 + 18*w + 19. Let t be s(7). Calculate g(t).
0
Let r(q) = q**2 + 2*q - 2. Let d(l) = -7*l + 43. Let p be d(6). Suppose -p = 3*o + 8. Give r(o).
1
Let a(n) be the second derivative of -n**5/20 - 25*n**3/6 - 18*n. Let o(c) be the second derivative of a(c). What is o(-3)?
18
Let t = 12 - 6. Let a be (-12)/16 + 35/4. Let b(k) = 0*k - a - 2*k**2 + 5*k + k**2 + k. Determine b(t).
-8
Let k = -8 + 5. Let h(y) = -y**2 - 3*y + 1. Let m be h(k). Let r(f) = -3*f + 4*f + 0*f - 5*f + m. What is r(-1)?
5
Suppose 8*g - 3*g + 35 = 0. Let y(c) = c**2 - 12. Let z(m) be the first derivative of -m**2/2 - m - 12. Let i(w) = y(w) - 6*z(w). Calculate i(g).
1
Let u(c) = 4*c**2 + 11. Let a(v) = 9*v**2 - v + 28. Let m(w) = 2*a(w) - 5*u(w). What is m(1)?
-3
Let b(n) be the second derivative of -n**8/3360 - n**7/630 - n**6/180 - n**5/60 - n**4/4 + 7*n. Let o(m) be the third derivative of b(m). What is o(-2)?
6
Let p(v) be the first derivative of -v**3/3 + 16*v - 75. Calculate p(0).
16
Let v(t) = -t**3 - 8*t**2 - 2*t - 6. Let m(o) = o**3 + 7*o**2 + 2*o + 6. Let x(f) = -4*m(f) - 3*v(f). Let k(c) = 85*c + 2461. Let n be k(-29). Give x(n).
2
Suppose 60 = -8*n + 84. Let o(h) = h**3 - 2*h**2 - h. Calculate o(n).
6
Let y be ((-6)/(-10))/(236/(-40) - -6). Suppose 3*h + w = 6, -5*w = 4*h - h + y. Let j(z) = -2*z + 1. Determine j(h).
-5
Let d(a) = -a**3. Let o(p) = 3*p**3 + 5*p**2 + p - 1. Let u(n) = -2*d(n) - o(n). Suppose -95*z - 356 - 119 = 0. What is u(z)?
6
Let d(k) = -k**3 + k**2 - 2*k - 2. Let f(r) = r. Let h(m) = -d(m) - 2*f(m). Suppose 0 = 5*x - 5*y + 5, 0*y - 3 = -3*y. Give h(x).
2
Let i(k) be the second derivative of k**5/20 - 5*k**4/12 + 2*k**3/3 + 2*k**2 + 214*k. Determine i(4).
4
Let b(f) = -f**2 + 3*f + 2. Let z be b(3). Suppose 36 - 14 = z*c. Let a(u) = 2*u - 2 - c*u + 2*u. Determine a(-2).
12
Let f(k) = -2*k - 1. Let t(a) = 3*a**2 + 58*a - 38. Let w be t(-20). Calculate f(w).
-5
Let x(w) be the first derivative of 3*w**2/2 + 4*w + 1. Let y(h) be the first derivative of h**3/3 - 3*h**2/2 - h + 3. Let a be y(2). Calculate x(a).
-5
Let k(a) be the third derivative of 3/4*a**4 + 1/6*a**3 + 0 + 0*a + 42*a**2. Determine k(-1).
-17
Let r(g) = -4*g - 7*g**2 - 28 - 5*g**3 - g**3 + 2*g**3 + 10*g**3 - 5*g**3. What is r(8)?
4
Suppose -15*m = -13*m. Let j be (m - (6 + -2)) + -2 + 1. Let r(n) = n**3 + 4*n**2 - 5*n + 4. Give r(j).
4
Let u(g) be the third derivative of -g**4/24 + 4*g**3/3 + g**2 + 25*g. Suppose -2*d + 16 = 2*d, d = 4*y + 20. Let w be y/(-14) - 4/14. Calculate u(w).
8
Let r(c) = -c - 8. Let f be r(-5). Let q = -31 + 33. Let u(s) = -2 + 11*s**q + 6 - 10*s**2 + 2*s. C